{"id":3381,"date":"2021-10-18T23:31:35","date_gmt":"2021-10-18T23:31:35","guid":{"rendered":"https:\/\/lojabhinformatica.com.br\/?post_type=product&#038;p=3381"},"modified":"2023-09-15T12:52:36","modified_gmt":"2023-09-15T12:52:36","slug":"eirelle-2","status":"publish","type":"product","link":"https:\/\/lojabhinformatica.com.br\/?product=eirelle-2","title":{"rendered":"Dell Precision T5810 Xeon E5-1650 3,6GHz 32GB"},"content":{"rendered":"<p>Workstation Dell T5810<\/p>\n<p>PROCESSADOR<br \/>\n&#8211; Intel Xeon E5-1650 V4<br \/>\n&#8211; Velocidade: 3.60GHz<br \/>\n&#8211; Segmento Vertical: Server<br \/>\n&#8211; N\u00famero de n\u00facleos: 6<br \/>\n&#8211; N\u00famero de threads: 12<br \/>\n&#8211; Frequ\u00eancia tudo Max 4.0GHz<br \/>\n&#8211; Cache: 15MB Intel Smart Cache<br \/>\n&#8211; TDP(Pot\u00eancia de design t\u00e9rmico: 140w<br \/>\n&#8211; Socket para 1 Processador<\/p>\n<p>CHIPSET<br \/>\n&#8211; Chipset Intel(R) c612<\/p>\n<p>MEMORIA<br \/>\n&#8211; Instalado: 32GB (2x 16GB<br \/>\n&#8211; Conector de m\u00f3dulo de mem\u00f3ria: 8slots DIMM<br \/>\n&#8211; Capacidade do m\u00f3dulo de mem\u00f3ria: 4GB, 8GB, 16GB 32GB<br \/>\n&#8211; Tipo ECC RDIMM DDDR4 2133<br \/>\n&#8211; Mem\u00f3ria m\u00ednima: 4GB<br \/>\n&#8211; Mem\u00f3ria m\u00e1xima: 256GB<\/p>\n<p>ARMAZENAMENTO<br \/>\n&#8211; SSD 512GB<br \/>\n&#8211; 2 Slots de HD<\/p>\n<p>Placa de v\u00eddeo: Nvidia Quadro M4000 8GB<br \/>\nCapacidade: 8 GB<br \/>\n&#8211; Tipo: GDDR5<br \/>\n&#8211; Interface: 256 bits<br \/>\n&#8211; Largura de banda: 192 GB\/s<br \/>\nN\u00famero de monitores suportados: 4<br \/>\n&#8211; Resolu\u00e7\u00e3o m\u00e1xima DP 1.2: 4096 x 2160 a 60Hz<\/p>\n<p>UNIDADE OPTICA<br \/>\n&#8211; Gravador e Leitor de DVD slimline 8x DVD+\/-RW<\/p>\n<p>AUDIO<br \/>\n&#8211; Realtek ALC3220 \u00e1udio codec<\/p>\n<p>COMUNIC\u00c3O<br \/>\n&#8211; Tower 5810: Intel i217<\/p>\n<p>CONEX\u00d5ES FRONTAIS<br \/>\n&#8211; 1 conex\u00f5es 3.0<br \/>\n&#8211; 3 conex\u00f5es 2.0<\/p>\n<p>CONEX\u00d5ES TRASEIRAS<br \/>\n&#8211; 3 conex\u00f5es 3.0<br \/>\n&#8211; 3 conex\u00f5es 2.0<\/p>\n<p>EXPANS\u00c3O<br \/>\n&#8211; 1 slot_PCI6<br \/>\n&#8211; 1 slot5_PCIe2x4 25W<br \/>\n&#8211; 1 slot4_PCI3x16 75W<br \/>\n&#8211; 1 slot1_PCIe3x8 25W<\/p>\n<p>SISTEMA OPERACIONAL<br \/>\n&#8211; Windows10 Pro<\/p>\n<p>ENERGIA<br \/>\n&#8211; Fonte real 680W<\/p>\n<p>GABINETE<br \/>\n&#8211; Cor Preto<br \/>\n&#8211; Formato torre<br \/>\n&#8211; Altura 438mm<br \/>\n&#8211; Largura 216mm<br \/>\n&#8211; Profundidade 545mm<br \/>\n&#8211; Peso aproximado de 13.5Kg<\/p>\n","protected":false},"excerpt":{"rendered":"<p>Dell Precision T5810 Xeon E5-1650 3,6GHz 32GB Nvidia Quadro m4000 SSD 512G Win11pro<\/p>\n<h2>10%\u00a0 Desconto Pagamento \u00c0 Vista<\/h2>\n","protected":false},"featured_media":7647,"comment_status":"open","ping_status":"closed","template":"","meta":{"_monsterinsights_skip_tracking":false,"_monsterinsights_sitenote_active":false,"_monsterinsights_sitenote_note":"","_monsterinsights_sitenote_category":0,"_kadence_starter_templates_imported_post":false,"_kad_post_transparent":"default","_kad_post_title":"","_kad_post_layout":"default","_kad_post_sidebar_id":"","_kad_post_content_style":"default","_kad_post_vertical_padding":"default","_kad_post_feature":"","_kad_post_feature_position":"","_kad_post_header":false,"_kad_post_footer":false,"_joinchat":[]},"product_brand":[],"product_cat":[27],"product_tag":[],"class_list":{"0":"post-3381","1":"product","2":"type-product","3":"status-publish","4":"has-post-thumbnail","6":"product_cat-workstation","8":"first","9":"instock","10":"sale","11":"shipping-taxable","12":"purchasable","13":"product-type-simple","14":"entry","15":"content-bg","16":"loop-entry"},"aioseo_notices":[],"_links":{"self":[{"href":"https:\/\/lojabhinformatica.com.br\/index.php?rest_route=\/wp\/v2\/product\/3381","targetHints":{"allow":["GET"]}}],"collection":[{"href":"https:\/\/lojabhinformatica.com.br\/index.php?rest_route=\/wp\/v2\/product"}],"about":[{"href":"https:\/\/lojabhinformatica.com.br\/index.php?rest_route=\/wp\/v2\/types\/product"}],"replies":[{"embeddable":true,"href":"https:\/\/lojabhinformatica.com.br\/index.php?rest_route=%2Fwp%2Fv2%2Fcomments&post=3381"}],"version-history":[{"count":3,"href":"https:\/\/lojabhinformatica.com.br\/index.php?rest_route=\/wp\/v2\/product\/3381\/revisions"}],"predecessor-version":[{"id":8269,"href":"https:\/\/lojabhinformatica.com.br\/index.php?rest_route=\/wp\/v2\/product\/3381\/revisions\/8269"}],"wp:featuredmedia":[{"embeddable":true,"href":"https:\/\/lojabhinformatica.com.br\/index.php?rest_route=\/wp\/v2\/media\/7647"}],"wp:attachment":[{"href":"https:\/\/lojabhinformatica.com.br\/index.php?rest_route=%2Fwp%2Fv2%2Fmedia&parent=3381"}],"wp:term":[{"taxonomy":"product_brand","embeddable":true,"href":"https:\/\/lojabhinformatica.com.br\/index.php?rest_route=%2Fwp%2Fv2%2Fproduct_brand&post=3381"},{"taxonomy":"product_cat","embeddable":true,"href":"https:\/\/lojabhinformatica.com.br\/index.php?rest_route=%2Fwp%2Fv2%2Fproduct_cat&post=3381"},{"taxonomy":"product_tag","embeddable":true,"href":"https:\/\/lojabhinformatica.com.br\/index.php?rest_route=%2Fwp%2Fv2%2Fproduct_tag&post=3381"}],"curies":[{"name":"wp","href":"https:\/\/api.w.org\/{rel}","templated":true}]}}