{"id":8220,"date":"2023-09-14T23:27:16","date_gmt":"2023-09-14T23:27:16","guid":{"rendered":"https:\/\/lojabhinformatica.com.br\/?post_type=product&#038;p=8220"},"modified":"2023-09-14T23:49:13","modified_gmt":"2023-09-14T23:49:13","slug":"nvidia-quadro-m4000-8gb","status":"publish","type":"product","link":"https:\/\/lojabhinformatica.com.br\/?product=nvidia-quadro-m4000-8gb","title":{"rendered":"Nvidia quadro m4000 8GB"},"content":{"rendered":"<p>A configura\u00e7\u00e3o da placa gr\u00e1fica NVIDIA Quadro M4000 com 8GB de mem\u00f3ria GDDR5 \u00e9 uma \u00f3tima escolha para tarefas de design gr\u00e1fico, modelagem 3D e computa\u00e7\u00e3o de alto desempenho.<\/p>\n<p>&#8211; Mem\u00f3ria VRAM: 8GB GDDR5<br \/>\n&#8211; N\u00facleos CUDA: 1.664<br \/>\n&#8211; Clock da GPU: At\u00e9 1050 MHz<br \/>\n&#8211; Conex\u00f5es de sa\u00edda: DisplayPort 1.2 (4 portas), DVI-D (1 porta)<br \/>\n&#8211; Consumo de energia: 120 watts<br \/>\n&#8211; Suporte a DirectX 12 e OpenGL 4.5<\/p>\n<p>&nbsp;<\/p>\n<p>&nbsp;<\/p>\n","protected":false},"excerpt":{"rendered":"<p>&#8211; Mem\u00f3ria VRAM: 8GB GDDR5<br \/>\n&#8211; N\u00facleos CUDA: 1.664<br \/>\n&#8211; Clock da GPU: At\u00e9 1050 MHz<br \/>\n&#8211; Conex\u00f5es de sa\u00edda: DisplayPort 1.2 (4 portas), DVI-D (1 porta)<br \/>\n&#8211; Consumo de energia: 120 watts<br \/>\n&#8211; Suporte a DirectX 12 e OpenGL 4.5<\/p>\n<h2>10%\u00a0 Desconto Pagamento \u00c0 Vista<\/h2>\n<p>&nbsp;<\/p>\n","protected":false},"featured_media":8218,"comment_status":"open","ping_status":"closed","template":"","meta":{"_monsterinsights_skip_tracking":false,"_monsterinsights_sitenote_active":false,"_monsterinsights_sitenote_note":"","_monsterinsights_sitenote_category":0,"_kadence_starter_templates_imported_post":false,"_kad_post_transparent":"default","_kad_post_title":"","_kad_post_layout":"default","_kad_post_sidebar_id":"","_kad_post_content_style":"default","_kad_post_vertical_padding":"default","_kad_post_feature":"","_kad_post_feature_position":"","_kad_post_header":false,"_kad_post_footer":false,"_joinchat":[]},"product_brand":[],"product_cat":[26],"product_tag":[],"class_list":{"0":"post-8220","1":"product","2":"type-product","3":"status-publish","4":"has-post-thumbnail","6":"product_cat-acessorios","8":"first","9":"instock","10":"shipping-taxable","11":"purchasable","12":"product-type-simple","13":"entry","14":"content-bg","15":"loop-entry"},"aioseo_notices":[],"_links":{"self":[{"href":"https:\/\/lojabhinformatica.com.br\/index.php?rest_route=\/wp\/v2\/product\/8220","targetHints":{"allow":["GET"]}}],"collection":[{"href":"https:\/\/lojabhinformatica.com.br\/index.php?rest_route=\/wp\/v2\/product"}],"about":[{"href":"https:\/\/lojabhinformatica.com.br\/index.php?rest_route=\/wp\/v2\/types\/product"}],"replies":[{"embeddable":true,"href":"https:\/\/lojabhinformatica.com.br\/index.php?rest_route=%2Fwp%2Fv2%2Fcomments&post=8220"}],"version-history":[{"count":3,"href":"https:\/\/lojabhinformatica.com.br\/index.php?rest_route=\/wp\/v2\/product\/8220\/revisions"}],"predecessor-version":[{"id":8240,"href":"https:\/\/lojabhinformatica.com.br\/index.php?rest_route=\/wp\/v2\/product\/8220\/revisions\/8240"}],"wp:featuredmedia":[{"embeddable":true,"href":"https:\/\/lojabhinformatica.com.br\/index.php?rest_route=\/wp\/v2\/media\/8218"}],"wp:attachment":[{"href":"https:\/\/lojabhinformatica.com.br\/index.php?rest_route=%2Fwp%2Fv2%2Fmedia&parent=8220"}],"wp:term":[{"taxonomy":"product_brand","embeddable":true,"href":"https:\/\/lojabhinformatica.com.br\/index.php?rest_route=%2Fwp%2Fv2%2Fproduct_brand&post=8220"},{"taxonomy":"product_cat","embeddable":true,"href":"https:\/\/lojabhinformatica.com.br\/index.php?rest_route=%2Fwp%2Fv2%2Fproduct_cat&post=8220"},{"taxonomy":"product_tag","embeddable":true,"href":"https:\/\/lojabhinformatica.com.br\/index.php?rest_route=%2Fwp%2Fv2%2Fproduct_tag&post=8220"}],"curies":[{"name":"wp","href":"https:\/\/api.w.org\/{rel}","templated":true}]}}